 remainder when -3*s*(-469)/(-42) is divided by 21.
4
Let h be (-184)/8*(-3 - 0 - -2). Suppose -228 = h*w - 27*w. What is the remainder when w is divided by 30?
27
What is the remainder when -1*8754*(-10)/105*98/56 is divided by 186?
157
Suppose -5*s = -2*j - 424, 32*s - 433 = 27*s - j. Calculate the remainder when 856 is divided by s.
82
Let w(b) = -7*b + 69. Calculate the remainder when 265 is divided by w(-3).
85
Suppose 4*a - 38 - 22 = 0. Suppose -3*r - 4*b = b - 58, 0 = -r - 4*b + 24. Calculate the remainder when r/56 + 561/21 is divided by a.
12
What is the remainder when 1/(201330/(-40275) - 5/(-1)) is divided by 128?
127
What is the remainder when (-32 - -38)*31/3 is divided by 26 + -7 - 2/1?
11
Let t be 1*(5 + -12 + -24). Let c(z) = z**3 + 33*z**2 + 59*z + 9. What is the remainder when c(t) is divided by 38?
26
Suppose 0 = -13*o + 40 + 556 - 37. Let v(y) = -41*y - 1. Calculate the remainder when v(-2) is divided by o.
38
Let o(x) = -3*x**2 + 15*x + 32. Let j be o(10). Let q be 1 + 3/(-4) + j/(-8). What is the remainder when (-106)/(4*(2 + q/(-6))) is divided by 28?
25
Suppose 253*q + 4663 = 225*q + 20371. What is the remainder when q is divided by 97?
76
Suppose 4*u = -2*k + 16, -2*u = -u + 3*k - 14. Calculate the remainder when (-90)/36*52/(u*-1) is divided by 41.
24
Let n = 100 - 66. Suppose -6*p + n = 4. Calculate the remainder when 42 is divided by p - (-4 + 2 + -4).
9
Suppose -2278 + 10 = -63*x. What is the remainder when (-716*(-4)/8)/2 is divided by x?
35
Suppose -16*u + 14*u + 2 = 0. Calculate the remainder when 175 is divided by u*(-121 + 3)*(-3)/6.
57
Let r = -5201 - -5211. Calculate the remainder when 730 is divided by r.
0
What is the remainder when 1197 is divided by 158/(-3)*((1 - 46) + 42)?
91
What is the remainder when 446 is divided by 1*-4 + (-270 - -407)?
47
What is the remainder when (-6)/(-2)*-1*2945/(-93) is divided by 60?
35
Let c be (4/(-3))/(3*(-1)/54). Suppose -8 = -4*i, -c*i = -5*u - 22*i + 191. What is the remainder when 180 is divided by u?
24
Suppose 1462 = -7*u + 55. Let j = u + 235. Calculate the remainder when 201 is divided by j.
31
What is the remainder when -4 + (-12 + 8 - -138) is divided by ((-3)/(-1))/(2/22)?
31
Suppose -d = 5*x - 25, -d - x = -0*d - 13. Let t(l) = -l**3 + 12*l**2 + 5*l - 19. Calculate the remainder when t(11) is divided by d.
7
Let j be (-3)/((-15)/2) - 33/(-5). Suppose -8*i = -j*i - 26. What is the remainder when i is divided by 4?
2
Let h(b) = b**2 + 22*b - 11. Let p be h(-23). Calculate the remainder when (176/3 - -3) + (-8)/p is divided by 24.
13
Let g = -3677 + 3720. What is the remainder when 804 is divided by g?
30
Calculate the remainder when (24/(-2))/(17 + -21)*(-609)/(-3) is divided by 61.
60
Suppose -24*z - 60 = -28*z. Let x(c) = 7*c**2 + 25*c - 8. Let s be x(-4). Suppose z = 5*d, 3*p + d + 27 = s*p. Calculate the remainder when p is divided by 20.
10
Suppose h + 5*z - 5 = 11, 4*h + 4*z - 144 = 0. Suppose 168*u = 127*u + 1958 + 1322. Calculate the remainder when u is divided by h.
39
Let y(b) = b**3 - 3*b**2 - 6*b. Let k be y(5). Suppose k*d = 19*d + 32. What is the remainder when ((-8)/d)/(77/(-76) + 1) is divided by 10?
9
Let n be 110/(-33)*21/(-5). What is the remainder when -82*(-7)/n - 8/(-2) is divided by 25?
20
Let c = 49 - 48. Let f be (-1)/1 - -30 - c. Let a = 45 - f. What is the remainder when a is divided by 5?
2
Suppose 3*g - 90 = -12*g. Let z(c) = 2*c**2 - 18*c + 57. What is the remainder when 34 is divided by z(g)?
13
Suppose 185 = 24*q - 55. What is the remainder when -13 + 6 + 48 - -7 is divided by q?
8
Let m(j) = j**2 + 24*j + 144. Let l = -1 - 1. Calculate the remainder when l/3*408/(-16) is divided by m(-15).
8
Let d = 85 - -129. Let q = d + -101. Suppose j = -4*l + q, -2*j + l = -10 - 171. Calculate the remainder when j is divided by 16.
13
Let f = 63 + -60. Suppose f*g = 7*g - 12. Calculate the remainder when 31 is divided by ((-16)/5)/(g/(-15)).
15
Suppose q + 37 = -5*t, -5*q + 7 - 16 = 3*t. What is the remainder when 148 is divided by 33 + t + 4/4?
18
Suppose 35 = 4*r + 35. Suppose r = 4*p - p - 141. Suppose -202 + p = -5*i. Calculate the remainder when 59 is divided by i.
28
Suppose 5715 = 2*a + 49*a - 6*a. What is the remainder when a is divided by 42?
1
Suppose -7*z = -4*z - 183. Suppose 102*y - 224 = 74*y. What is the remainder when z is divided by y?
5
Let m(l) = -8*l**2 - 7*l - 7. Let z be m(-7). What is the remainder when 4/(-10)*z/7 is divided by 5?
0
Let s(t) = 271*t + 3818. Calculate the remainder when s(-11) is divided by 40.
37
Suppose -13*n - 37019 = -121*n + 46789. Calculate the remainder when n is divided by 157.
148
Let o(x) = 5*x - 6. Let i be o(3). Suppose -4*r - 4*d + 24 = -i*d, r + d - 6 = 0. Let p = -2 + r. Calculate the remainder when p is divided by 1.
0
Suppose -4*i + 2268 = 17*i. Let n = i + -88. What is the remainder when 178 is divided by n?
18
Let u(p) = -56*p + 1111. Calculate the remainder when 492 is divided by u(17).
15
Let f(q) = q**2 + 5*q + 1. Suppose 42*l + 336 = 14*l. Calculate the remainder when 335 is divided by f(l).
80
Let s(q) = 44*q + 1. What is the remainder when s(2) is divided by -2 + 27 + 2 + -1?
11
Suppose 18*d = 21*d - 5*y + 2, -4*y + 8 = -4*d. Calculate the remainder when d/(-1)*(452/16)/1 is divided by 41.
31
Let a(p) = 290*p - 2309. Let f(k) = 9*k + 1. What is the remainder when f(2) is divided by a(8)?
8
Let s be (-28)/20*5/(-1). Let w(t) = t**3 - 8*t**2 + 9*t + 10. Calculate the remainder when 45 is divided by w(s).
21
Let j(c) = 46*c - 6897. Let g = 1 + 1. Suppose 2*v + g*i = -v + 21, -5*v + 35 = -i. Calculate the remainder when v is divided by j(150).
1
Let y = -624 + 669. Calculate the remainder when 164 is divided by y.
29
Let x(m) = 2*m**2 - 65*m - 35. Let l be x(34). Let d be (-4)/(-10) + (-339)/(-15). Let z = l + d. What is the remainder when z is divided by 23?
21
Suppose 5*f = 272 - 47. Let h(z) = 145*z - 1463. What is the remainder when h(11) is divided by f?
42
Let g(j) = -32*j - 78. Calculate the remainder when 15998 is divided by g(-4).
48
Let t(b) = 14*b**2 + 4*b - 5. Let a be -5*5/25*-1. Calculate the remainder when t(a) is divided by 11.
2
Let m = -18171 + 18330. What is the remainder when m is divided by 56?
47
Suppose -29*s = -4*s - 1825. Suppose -3*w = -2*m - s + 15, 4*w - 82 = 5*m. What is the remainder when 53 is divided by w?
17
Suppose -3*x + 104*c + 87 = 102*c, -60 = -2*x + c. What is the remainder when 75 is divided by x?
9
Let u(j) = -j**3 - 4*j**2 - 4*j + 3. Suppose 0 = 7*l - 39 - 87. Let n = l - 8. What is the remainder when u(-5) is divided by n?
8
Suppose -9*d + 40 = -5*d. Suppose 3*w - 8*w - 5*v + 170 = 0, 0 = w + 3*v - 30. Suppose -33*j - 87 = -w*j. Calculate the remainder when j is divided by d.
9
Let b = 4956 + -4948. Calculate the remainder when 85 is divided by b.
5
Let m(d) = -d**3 - 93*d**2 - 2075*d - 784. Suppose 5*z - 3*s = -2*s + 1531, 0 = -5*z - 3*s + 1547. What is the remainder when z is divided by m(-36)?
43
Let d = -27 - -15. Let n(c) = c**3 + 11*c**2 - 11*c + 13. What is the remainder when n(d) is divided by (-2)/(16/24*(-2 - 1))?
0
Let f = -4395 - -4488. What is the remainder when 163 is divided by f?
70
Let p(s) = 14*s**3 + 3*s**2 - 7*s - 8. Calculate the remainder when p(2) is divided by 3.
0
Suppose 5*d - 9*d = -q - 902, 3*q - 232 = -d. Suppose 3*o - 749 + d = -i, -5*o - 1597 = -3*i. Calculate the remainder when i is divided by 14.
11
Let b(z) = 3*z**2 + 578*z - 1728. Suppose 5*d + 6*n = n + 315, 0 = -2*d - 5*n + 126. Calculate the remainder when d is divided by b(3).
30
Let n = -2 - -4. Suppose 0*g + n*g = -6. Let x(u) = -u + 11. What is the remainder when 37 is divided by x(g)?
9
Suppose 3*r - 3*n - 27 = -0*n, 2*n + 23 = 3*r. Suppose -h + 1674 = r*h. Suppose 0 = 5*q + 4*q - h. What is the remainder when q is divided by 9?
4
Let s be -4 - (-1 - (0 - 0)) - 309. Let z = -288 - s. Suppose 0 = 3*j - 2*v - 0*v - 215, -2*j + 140 = 2*v. Calculate the remainder when j is divided by z.
23
What is the remainder when -10*(-11 + 42279/(-170)) is divided by 137?
131
Calculate the remainder when 301 is divided by ((-132)/(-80) + 7/(-5))*292.
9
Suppose 154*t = -150*t + 279*t + 2875. What is the remainder when 167 is divided by t?
52
Let j(a) = -a**3 -